
2
Let y(r) = 86*r - 2822. Calculate the remainder when y(34) is divided by (10 + 0)/((-16)/(-40)).
2
Suppose -320*r + 8555799 = -1362601. Calculate the remainder when r is divided by 123.
122
Let m(o) = o**3 + 8*o**2 + 3*o - 3. Let i = -2 - 5. What is the remainder when 4*(27/(-45))/((-2)/40) is divided by m(i)?
23
Let v = 346 - 344. Suppose 5*t - 2457 = -v*t. What is the remainder when t is divided by 11?
10
Let b be (-1)/3*(-1 + (3 - -7)). Calculate the remainder when (-2)/(-10) - ((-6084)/30 - b) is divided by 52.
44
Let l be 2/8 - 299/92. What is the remainder when 70 + (l - (-8)/(-4)) is divided by 9?
2
Let s be 4 + 3 + -58 - -2. What is the remainder when 0 - (s - (1 - -2)) is divided by 14?
10
Let u be -9*((-8)/(-3))/2. What is the remainder when (-532)/(-21)*(-18)/(-12) is divided by 40/12*u/(-5)?
6
Let a(z) = 4*z**2 - 9*z - 9. Let x be a(5). Suppose 2*j - x = d, -d - 5*j = -4*d - 137. Calculate the remainder when (d/8)/(2/(-12)) is divided by 12.
9
Suppose 383 = 41*o - 273. Suppose 3*q - 26 = o. Calculate the remainder when 223 is divided by q.
13
Let a be (-6)/((-40)/42 - 4/(-6)). Suppose 0 = -z - a*z + 10120. Calculate the remainder when z is divided by 93.
88
Suppose 138 = 2*n - 4*s, n - 74 = -5*s + 6*s. Let m = -34 + n. Suppose -23 - m = -4*w. Calculate the remainder when w is divided by 11.
6
Let h(w) = -w**3 - 11*w**2 - 22*w - 10. What is the remainder when 672 is divided by h(-9)?
22
Let r = 8 - 2. Let o be ((-44)/6)/((-52)/3042). Let i = 438 - o. What is the remainder when i is divided by r?
3
Let d(h) = 37*h**2 - 5*h - 3. Suppose -32 = -4*o - 3*z - 7, z - 15 = -3*o. Suppose 14 + 34 = o*w. Calculate the remainder when d(-2) is divided by w.
11
Let v = 5438 + -5429. Calculate the remainder when 58 - -1 - 15/(-10)*2 is divided by v.
8
Suppose -3*z - 4*t + 5834 = 0, 5*t - 8*t - 5820 = -3*z. What is the remainder when z is divided by 24?
22
Let a = 13 + -5. Let h(p) = 2*p**2 + 4*p - 338. Calculate the remainder when h(-17) is divided by a.
4
Suppose 4*b = -2*q - 4, -2*q + q = -3*b - 8. Suppose -3*z - 3*c + 606 = 0, -4*z + 693 + 73 = -3*c. What is the remainder when (3 - z/(-4)) + q is divided by 14?
12
Suppose -61*s = -42*s - 741. Suppose -h = -2*b + 620 + s, 5*b = 5*h + 1635. Calculate the remainder when b is divided by 37.
36
Let h(m) = -64*m - 139. Let l be h(-15). Let w = l - 327. What is the remainder when w is divided by 16?
14
Let o = 6475 + -6177. Calculate the remainder when o is divided by 76.
70
Suppose -2894*y + 2891*y = 2*z - 153, -2*y = -5*z - 121. Calculate the remainder when 622 is divided by y.
39
Suppose 0 = -6*w + 36*w - 960. What is the remainder when 2623 is divided by w?
31
Let f(a) = 24*a + 1384. What is the remainder when 295 is divided by f(-55)?
39
Let h = 80 - 76. Suppose -h*l = 0, 0 = 3*c - l + 2*l - 51. Let d = -3 + 52. What is the remainder when d is divided by c?
15
Suppose -1094 + 882 = -2*m - 5*d, 0 = 5*m - 3*d - 437. Calculate the remainder when 1817 is divided by m.
88
Let f = 33 - 28. Suppose -1 + 6 = -5*y, -y - 2506 = -f*j. Calculate the remainder when j is divided by 42.
39
Let y(m) = -1196*m + 4883. What is the remainder when 1465 is divided by y(4)?
79
Let b(y) = -y**3 - 12*y**2 + 10*y + 300. Calculate the remainder when 86 is divided by b(-6).
14
Let f = -54 - -112. Suppose 0 = -14*m + 343 - 133. Calculate the remainder when f is divided by m.
13
Suppose -261 - 511 = 4*y - 4*j, -3*j - 6 = 0. What is the remainder when 192 is divided by 1/3 + y/(-9)?
16
Let q be (1 - 53)/1*(-66)/44. Let z = q - 74. What is the remainder when 85 is divided by (z/10 + 56/(-40))*-22?
19
Suppose -23*s + 238 = -s - 840. What is the remainder when 783 is divided by s?
48
Let x(i) = -6*i - 15. Let k be x(-3). Suppose 282 = 3*d - k*r, 0*d + 2*r = -d + 82. Suppose d - 21 = 3*p. What is the remainder when p is divided by 4?
3
Let q(i) = 128*i**3 - i. Let m(x) = 823*x - 40294. Calculate the remainder when q(1) is divided by m(49).
28
Let l(d) = 30*d**2 - 2*d - 2. Suppose -5*c + 4 = 9. What is the remainder when -1 + 2 + 1 + 55 is divided by l(c)?
27
What is the remainder when 1225 is divided by 10/(-75) - (5 + 632/(-15)) - -7?
37
Suppose -4*r - b + 353 = 0, -536 + 98 = -5*r + 2*b. Calculate the remainder when 61 is divided by (-207)/(-24) + 33/r.
7
Let g(v) = 144*v**3 + 2*v**2 - 43*v - 6. Calculate the remainder when g(4) is divided by 21.
19
Suppose -1262*b + 1256*b = -30. Suppose 3*n + 54 = b*n + 4*q, 0 = 5*n + 5*q - 150. Let x = -6 - -15. Calculate the remainder when n is divided by x.
6
Suppose -5*y = -140*d + 145*d - 2595, -3*y + 2*d + 1522 = 0. What is the remainder when y is divided by 127?
4
Suppose -5*h - y - 7 + 4 = 0, 0 = -2*h - 5*y - 15. Suppose -5*r = -2*r - 2*f - 57, h = -r - 5*f + 2. Calculate the remainder when 166 is divided by r.
13
Let h(j) = 8*j**2 + 85*j + 609. What is the remainder when h(-13) is divided by 6?
4
Suppose 52 = 8*n + 4. Let h(y) = 4*y - 16. Calculate the remainder when h(n) is divided by (-18)/3*1*-1.
2
Suppose z = -4*y + 178, -z - 185 = -4*y - 339. What is the remainder when z is divided by -14*(1 - (-21)/(-6))?
26
Let y = -131 - -142. Suppose -c - 4*t = 41, -t + 47 = -3*c - y. Calculate the remainder when 30 is divided by c/(-2) - (-7 - 26/(-4)).
8
Let u = 469 + -226. Let a = -78 + u. Calculate the remainder when a is divided by 19.
13
Let s(w) = 53*w**2 - 50*w + 210. Calculate the remainder when s(4) is divided by 62.
52
What is the remainder when 2967 is divided by (16/3)/(((-396)/27)/(-22))?
7
Suppose -1323 = -8*q + 525. What is the remainder when q is divided by 3/6 - 345/(-6)?
57
Suppose -11*k = -14*k - 5*g + 10, 5*k - 38 = -3*g. Let h = 14 - -22. Calculate the remainder when h is divided by k.
6
Suppose -4*g - 2*n = -477 - 715, 3*n + 885 = 3*g. Calculate the remainder when g is divided by 100.
97
Let t = -147 - -163. Let v(o) = -o**3 - 7*o**2 + 23*o + 81. What is the remainder when v(-10) is divided by t?
7
Suppose 0 = 14*a - 21*a + 28. Suppose -2*m = -8*f + 5*f + 71, -2*m = a*f - 104. Let k = 21 - 12. What is the remainder when f is divided by k?
7
Let u = 76 - 79. Calculate the remainder when 195 is divided by (u/2)/(93/(-868)).
13
Suppose 13 = -2*d + 3*m, -2*m = 4*d - 18 + 4. Calculate the remainder when (20 + 19 - 4)*1 is divided by d/(-5) + 182/10.
17
Suppose -33*y - y = 4*y - 266. Calculate the remainder when 9061 is divided by y.
3
Let b(z) = -2*z**3 + 23*z**2 - 41*z + 169. Let d = -18 - -35. Calculate the remainder when b(10) is divided by d.
8
What is the remainder when ((-2 - -19) + -5)*9670/15 is divided by 71?
68
Suppose 4*u - 12 + 0 = 0. Suppose -u*t = -100 + 34. What is the remainder when (-117)/(-2) + 4/8 is divided by t?
15
Suppose -15 = 2*a - 227. Let g = a + -55. Suppose 0 = 12*j - 9*j - g. Calculate the remainder when 151 is divided by j.
15
Let k = -860 + 278. Let m = 971 + k. Calculate the remainder when m is divided by 26.
25
Suppose 663 = 5*r - 30*p + 28*p, -5*p = 4*r - 504. Let n = r + -116. Calculate the remainder when 1467 is divided by n.
12
Let m(a) = 7*a**2 - 49*a + 6. Let n be m(14). Let t = n - 505. What is the remainder when t is divided by 27?
25
Let c(h) = 4*h + 5 - 8 + h**2 + 11. Let w be c(-10). Suppose 3*q + 5*m = -0*q + w, 5*q = -2*m + 145. What is the remainder when 72 is divided by q?
10
Suppose 5*k = 4*b + 784, 0 = -0*k - k - b + 155. Let c = 164 - k. What is the remainder when 39 is divided by c?
7
Let b(q) = 42*q + 212. Let h be b(-5). Suppose 4*s = 3 + 17. Suppose -h*g + 0*g + 23 = s*c, 29 = 2*g - c. Calculate the remainder when 63 is divided by g.
7
Let l = -10829 + 10859. Calculate the remainder when 4409 is divided by l.
29
Let o(h) = -3*h**3 - 7*h**2 - 40*h - 77. What is the remainder when o(-11) is divided by 270?
269
Let v be 642/22 + -4 + (-2)/11. Suppose v*g - 28*g = -288. What is the remainder when g is divided by 11?
8
Let d = 45 + -60. Let z be (-2)/1 - (-13 - d). Calculate the remainder when 70 is divided by 40 + z + (-4 - -4).
34
Suppose 19*j - 1344 = 1107. What is the remainder when 5675 is divided by j?
128
Suppose -4*k - 4 = -3*k. Let l be 20/9 - (k - 114/(-27)). What is the remainder when 73 is divided by ((-10)/(-30))/(l/222)?
36
Let r = 15823 + -15802. What is the remainder when 5353 is divided by r?
19
Let 